32
In base 14, what is -1 + 8698?
8697
In base 9, what is 108 + -58706?
-58587
In base 4, what is 1322221321 + -1?
1322221320
In base 3, what is 2 - -2000211221?
2000212000
In base 11, what is -38 - -5a808?
5a780
In base 6, what is 15 - 35011?
-34552
In base 13, what is 11aa18 + 3?
11aa1b
In base 12, what is 52a + 7?
535
In base 13, what is a661b + -3?
a6618
In base 16, what is 8d3e4 - -3?
8d3e7
In base 2, what is -11 + -1000101110101?
-1000101111000
In base 10, what is -31403 + -9?
-31412
In base 6, what is -124 + 100050?
55522
In base 14, what is 24 + -7c1?
-79b
In base 2, what is 1101100 - -110001011111100?
110001101101000
In base 3, what is -221022201 + -22101?
-221122002
In base 7, what is -4 + -611665?
-612002
In base 10, what is -66 + 2876?
2810
In base 8, what is 134 - 33531?
-33375
In base 12, what is 65a + 60?
6ba
In base 5, what is 22044121 - 4?
22044112
In base 10, what is -4004 + 1?
-4003
In base 10, what is 2065 - -1?
2066
In base 5, what is -110 - -2324?
2214
In base 4, what is 30123301 + -20?
30123221
In base 12, what is 4 + 73ba?
7402
In base 11, what is -1846 - -11?
-1835
In base 5, what is -400240 + -1?
-400241
In base 13, what is 318 + 9ac?
cc7
In base 7, what is 62444 + -14?
62430
In base 15, what is -d1ca8 - 6?
-d1cae
In base 16, what is 776a + -2?
7768
In base 6, what is -1034 + -13333?
-14411
In base 12, what is 415bb - 1?
415ba
In base 4, what is 3 - 3012312?
-3012303
In base 4, what is 210233 + -2031?
202202
In base 3, what is 122122110 + -222?
122121111
In base 8, what is 13 + -147112?
-147077
In base 4, what is -1103100 + -2302?
-1112002
In base 13, what is 1 - 695?
-694
In base 14, what is 82 - -c?
90
In base 13, what is -385a9 + -3?
-385ac
In base 7, what is 410 - 2242?
-1532
In base 10, what is -10491 - -65?
-10426
In base 16, what is -67 - f32?
-f99
In base 15, what is -473 - d?
-481
In base 10, what is -16973 - -47?
-16926
In base 6, what is -123 + -5032?
-5155
In base 11, what is -71aa + -2a4?
-74a3
In base 5, what is -1402203 + -140?
-1402343
In base 2, what is 1011010000 - 10110101011?
-1011011011
In base 12, what is 906 - 2?
904
In base 6, what is 43155 + -2?
43153
In base 8, what is 1200006 + 4?
1200012
In base 11, what is -668 - -8?
-660
In base 16, what is -3ec1 - -1?
-3ec0
In base 13, what is -6b - 197b?
-1a19
In base 10, what is 0 - -11989?
11989
In base 7, what is -444116 + 5?
-444111
In base 15, what is -186c92 - 3?
-186c95
In base 8, what is -651 + 2027?
1156
In base 7, what is -445541 + -1?
-445542
In base 14, what is -b7a - 293?
-102d
In base 8, what is -44 - 7422?
-7466
In base 14, what is -1 + -8ccb?
-8ccc
In base 16, what is -44 - 94f?
-993
In base 14, what is -d - 16ac?
-16bb
In base 7, what is 0 - 1104165?
-1104165
In base 12, what is 0 + -1930?
-1930
In base 9, what is -45 - 5633?
-5678
In base 13, what is 315 - -14?
329
In base 7, what is 564 + -26362?
-25465
In base 15, what is 5 + 759a4?
759a9
In base 2, what is -1010110001 - -111000?
-1001111001
In base 7, what is 1 + -1561511?
-1561510
In base 11, what is 924a + -9?
9241
In base 14, what is 2 + 4d3?
4d5
In base 8, what is 23746 + -3?
23743
In base 10, what is -12 + -4435?
-4447
In base 10, what is 3867 - -155?
4022
In base 13, what is 9459 - 87?
93a2
In base 2, what is -10010110001 - 1?
-10010110010
In base 12, what is -1 - 60?
-61
In base 14, what is 84 + -ca?
-46
In base 5, what is -10441102 - 2?
-10441104
In base 15, what is -7 + 1c45?
1c3d
In base 12, what is -267 - 230?
-497
In base 14, what is -3 + 8711?
870c
In base 7, what is 22613 + -16?
22564
In base 12, what is 2 + -6769?
-6767
In base 4, what is -1020020 + -32?
-1020112
In base 14, what is -18 - 242b1?
-242c9
In base 3, what is 210211221200112 + 12?
210211221200201
In base 16, what is -40c0 - -1b?
-40a5
In base 7, what is 135462 + 4?
135466
In base 14, what is a + -49630?
-49624
In base 4, what is 21302012 + -1?
21302011
In base 8, what is -141201 - 1?
-141202
In base 6, what is 25 - -401?
430
In base 10, what is -388 - 40?
-428
In base 6, what is 5 - -215034?
215043
In base 14, what is -1757 + -34?
-178b
In base 16, what is 40 + -8758?
-8718
In base 7, what is 122 - -4231?
4353
In base 11, what is -96289 - 1?
-9628a
In base 15, what is 6 - -1d3a5?
1d3ab
In base 4, what is 1012 - 1212132?
-1211120
In base 7, what is 22242 - 42?
22200
In base 6, what is -13 - 3320145?
-3320202
In base 15, what is db - -40d3?
41be
In base 8, what is 661572 - 11?
661561
In base 15, what is 5 + -18da?
-18d5
In base 3, what is 21112 + 1112211220?
1120010102
In base 10, what is -1759 - -928?
-831
In base 14, what is 4 + 4db93?
4db97
In base 15, what is -e12 - 128?
-103a
In base 4, what is 11 + -313013?
-313002
In base 11, what is a3 - 3aa1?
-39a9
In base 6, what is 1 - -532013?
532014
In base 6, what is -332 + 321?
-11
In base 12, what is 3482 + 27b?
3741
In base 8, what is -1 - -315040?
315037
In base 14, what is -a4d - -34?
-a19
In base 4, what is 31202 + -3212?
21330
In base 15, what is 11 - 1da?
-1c9
In base 4, what is 2031121310 - 31?
2031121213
In base 8, what is -1665 - -46?
-1617
In base 9, what is 3 + 22226?
22230
In base 5, what is -3 - -441344?
441341
In base 9, what is -3445 - -5?
-3440
In base 4, what is 2133002 - 222?
2132120
In base 13, what is -1867 + -223?
-1a8a
In base 13, what is 2034 + 50?
2084
In base 14, what is 2 + 3dc8?
3dca
In base 9, what is -86313 - -1?
-86312
In base 14, what is -8d0 + 461?
-46d
In base 4, what is 1201213 - -1320?
1203133
In base 15, what is 1c1 + 3c?
20d
In base 14, what is 2711 - c8?
2627
In base 15, what is 1 + 1911?
1912
In base 13, what is 3388 + 2?
338a
In base 6, what is 20 - 12552?
-12532
In base 15, what is -541 - -7?
-539
In base 6, what is -2432141 - 0?
-2432141
In base 16, what is -aec - 23?
-b0f
In base 16, what is -1 - -a4d13?
a4d12
In base 2, what is -101011110110001111101 + -11?
-101011110110010000000
In base 3, what is 1000 - -12110112?
12111112
In base 8, what is -6 - -216733?
216725
In base 15, what is 1ad6a - 7?
1ad63
In base 8, what is 171 - -2007?
2200
In base 3, what is -202022210 - 12?
-202022222
In base 14, what is d87 + -a?
d7b
In base 2, what is 10000001100 + -1111?
1111111101
In base 8, what is 101744 - -51?
102015
In base 6, what is 120 + 1052?
1212
In base 12, what is -21 - 34?
-55
In base 16, what is -3b72 - 5?
-3b77
In base 5, what is -1230023 + 10?
-1230013
In base 7, what is -22 - -10653?
10631
In base 15, what is -5a - b305?
-b360
In base 13, what is 0 - 74669?
-74669
In base 10, what is 5292 - -23?
5315
In base 8, what is 2724222 - -4?
2724226
In base 4, what is -121302 - 20?
-121322
In base 4, what is -1310002 + 22022?
-1221320
In base 2, what is -11011 - -10000100001000?
10000011101101
In base 2, what is -101111110010101110 + -10011?
-101111110011000001
In base 6, what is -15 + 12132?
12113
In base 11, what is 33 + 147?
17a
In base 4, what is -1231203 + -1020?
-1232223
In base 10, what is 1202236 - 0?
1202236
In base 2, what is 11 - -11000111011101000001?
11000111011101000100
In base 5, what is 410414400 + 4?
410414404
In base 3, what is -1200011 + -20210?
-1220221
In base 16, what is 1b - 365f?
-3644
In base 16, what is e + 11d?
12b
In base 7, what is 5331 - -51?
5412
In base 3, what is -1002211 - 110211?
-1120122
In base 11, what is -1a + -29254?
-29273
In base 8, what is -50277 - -5?
-50272
In base 3, what is -10 - 11110101102?
-11110101112
In base 13, what is 117996 + 6?
11799c
In base 15, what is 42 - -5a1?
5e3
In base 3, what is -10020 - 11000?
-21020
In base 12, what is -100b + -196?
-11a5
In base 9, what is -15018 - 6?
-15025
In base 9, what is 27 - -3528?
3556
In base 3, what is -1121220 - 102?
-1122022
In base 14, what is 6a4 + d5?
799
In base 4, what is 10232 + -23022?
-12130
In base 15, what is -23d4 + 11?
-23c3
In base 13, what is -65b - -a?
-651
In base 9, what is -2 + 351405?
351403
In base 4, what is -1330 - -10020?
2030
In base 2, what is 110 + 10101110110110?
10101110111100
In base 9, what is -612 - 560?
-1272
In base 6, what is 14 + -44550?
-44532
In base 3, what is 1210212 + 1020?
1212002
In base 15, what is 2bd + 6?
2c4
In base 9, what is 245333 + 0?
245333
In base 8, what is -2126724 + -2?
-2126726
In base 11, what is 4a - 8795?
-8746
In base 8, what is -3 + -1027437?
-1027442
In base 7, w